 the prime factors of h + 0 + 1 - -3?
2
Suppose -3*r - 6*r + 1287 = 0. What are the prime factors of r?
11, 13
Let d(s) = -s**3 + 5*s**2 - 2*s + 1. Let t be d(5). Let w be (-22)/18 + (-4)/(-18). Let r = w - t. List the prime factors of r.
2
List the prime factors of ((-392)/40)/(1/(-5)).
7
Let u(a) = -5*a - 1. Let s be u(-1). Suppose -71 = -5*f + 179. Suppose s*z + z = f. What are the prime factors of z?
2, 5
Suppose 3*r + 2 = -5*w + 36, -r + 2*w - 7 = 0. Suppose -16 = -r*k - k, 7 = p + k. List the prime factors of p.
3
Suppose 8*v - 4*v = 88. Suppose -5*z + 22 + 58 = 0. Let y = v - z. List the prime factors of y.
2, 3
Let x(b) = b**3 + 8*b**2 - 4*b - 9. What are the prime factors of x(-8)?
23
Let a(f) = 4*f**3 - 11*f**2 - 5*f. Let q(j) = j**3 - j**2 + j + 1. Let w(d) = a(d) - 3*q(d). List the prime factors of w(9).
2, 3
Let s(k) be the second derivative of k**5/20 - 11*k**4/12 + k**3/6 - 9*k**2/2 - 3*k. Let i be s(11). What are the prime factors of 0/(i + 0) - -7?
7
Suppose -3*c - 1 - 1 = 4*j, -3*c = -3*j - 12. Let p(n) = -5*n. What are the prime factors of p(j)?
2, 5
Suppose -n = -2*a + 2*n - 3, 0 = a + 4*n + 7. Let v be 32/6 - 2/a. What are the prime factors of 24/2 + 12/v?
2, 7
What are the prime factors of 27/54 - (-413)/2?
3, 23
Let n be 40/6 + 1/3. Let f(q) = q - 5. What are the prime factors of f(n)?
2
Let o(q) = -q**3 + 4*q**2 - 2*q + 2. Let v be o(3). Suppose 2*j + 53 = v*k - 2*j, 5*j = 3*k - 37. Suppose 0 = -5*b + k + 6. What are the prime factors of b?
3
Let u = -4 - -7. What are the prime factors of -4*((-6)/u + 0)?
2
Let z be 2/(-8) + (-1)/(-4). Suppose 18 = -4*a + 5*q + 85, 5*q - 24 = -3*a. Suppose -a = -2*f - u - z, f + 3*u = -1. What are the prime factors of f?
2
List the prime factors of (-2 - 0)*35/(-10).
7
Let q(s) = s + 8. Let m(n) = n + 8. Let g(r) = -5*m(r) + 6*q(r). Let a be g(-6). Suppose i + 12 = a*i. List the prime factors of i.
2, 3
Let t be -2 - (-1 + (-2 - 4)). Let i(d) = d**3 - 5*d**2 + d + 6. What are the prime factors of i(t)?
11
What are the prime factors of 10/3*10*(-6)/(-8)?
5
Let a(q) = 39*q - 58. What are the prime factors of a(5)?
137
Let m = 15 - 6. Let d be 18/8 + 2/(-8). Let t = m - d. What are the prime factors of t?
7
Suppose -2*j = -3*g + 2*j - 10, -3*j = 3*g + 3. Let h be 6*(1 + g)/(-2). Suppose -x - 2*l = -9, -14 = -3*x - x + h*l. What are the prime factors of x?
5
Suppose -q - 4*r - 65 = -6*q, -4*q + 2*r + 58 = 0. Suppose 12 = -0*f - 4*f, -4*a - f + 9 = 0. Suppose -q - 13 = -a*t. What are the prime factors of t?
2, 5
Let g(b) = 3*b + 17. What are the prime factors of g(13)?
2, 7
Let c(n) = -n**3 - 1. Let w be c(-1). Suppose 3*i = 4*r + 30, -5*r = -5*i - w*r + 45. What are the prime factors of i?
2, 3
Suppose -5*q - 4*k + 51 = 0, k - 37 = -3*q - 5. List the prime factors of q.
11
Let w(l) = 2*l - 2 + 0 + 1. List the prime factors of w(3).
5
Let w = 3 - 4. Let y = 3 + w. Suppose -3*u + 5 = -y*u. List the prime factors of u.
5
Suppose 3*c + 3*z = -30, 6*z - 13 = 4*c + z. List the prime factors of (-26)/c - 16/(-56).
2
Let s(i) = -i + 11. Let x be s(8). List the prime factors of 40/x*(-12)/(-10).
2
Let y be (39/4)/(12/32). Let o = -16 + y. What are the prime factors of o?
2, 5
Let a(j) = 3*j**3 + 5*j**2 + j - 1. Let k be a(-4). Let t = 172 + k. Suppose 0 = -2*i - 3*i + t. List the prime factors of i.
11
Let a(g) = 4*g - 1. Let f(s) = 15*s - 4. Let u(q) = -22*a(q) + 6*f(q). Let y be u(2). Suppose 6 = -y*r + 28. What are the prime factors of r?
11
Suppose 4*r - 36 = 16. List the prime factors of r.
13
Suppose -2*f = -2*b - 26, 8*b = -f + 5*b - 3. Let k be (0*(-3)/f)/(-1). Suppose 30 = z - 4*v, 0 = -k*z + 5*z - 4*v - 70. List the prime factors of z.
2, 5
Suppose -c = q - 0*c - 7, 3*c - 5 = 5*q. Let i = 1 + q. Let t(y) = y**3 - y**2 - 3*y + 1. List the prime factors of t(i).
2, 5
List the prime factors of 0/(-7) + (1 - (-3 + 2)).
2
Suppose 0 = -w + 3 + 1. Suppose -3*n + w*z + 8 = 0, -16 = -5*n + 2*z + 2. Suppose -5*y + n*v - 10 + 54 = 0, -5*v = 5*y - 80. What are the prime factors of y?
2, 3
Let v be 26/(-22) + 4/22. Let k(n) = -1 - 17*n + 1 - 1. What are the prime factors of k(v)?
2
Let m(k) = 2*k**2 + 8*k + 5. Let u be m(-5). Suppose -5*d + 5*h + u = 0, d + 1 + 0 = 5*h. Suppose 0 = 2*x - 4*w - d, 0 - 9 = -3*w. List the prime factors of x.
2
Suppose g + 0*g - 5 = 0. What are the prime factors of (-320)/(-25) - (-1)/g?
13
List the prime factors of 2/(-1) - (-231)/1.
229
Let n(v) be the first derivative of v**4/12 + 2*v**3/3 + 5*v**2/2 + 2*v - 1. Let a(b) be the first derivative of n(b). List the prime factors of a(-5).
2, 5
Let d = -11 + 43. What are the prime factors of 8/d + 94/8?
2, 3
What are the prime factors of (1816/20)/(4/10)?
227
Let d(k) = 73*k**3 + 1. Let f be d(1). Let u = f + -26. What are the prime factors of u?
2, 3
Let i be ((-108)/10)/((-2)/5). Let x = i + -17. List the prime factors of x.
2, 5
Let r be (0/2)/2 - -2. Suppose -2*q - 10 = 0, -5*q = r*o + o + 13. Suppose -2*c + 12 = o. List the prime factors of c.
2
Suppose 0 = 14*a + 5*a - 1064. What are the prime factors of a?
2, 7
Let v(d) = 3*d**3 - 3*d**2 + 1. Suppose 0 = -a - 2*a + 6. Let t be v(a). Let y = -5 + t. List the prime factors of y.
2
Suppose -f + 0*f = 6. Let u be (f - -6) + (1 - 2). List the prime factors of -1*(u + 0) - -10.
11
Suppose 0 = -3*j + 2*j - 712. List the prime factors of (-1)/(-5) - j/40.
2, 3
Suppose 3*n + 6 = r, -2*n - 2*n + 11 = 5*r. Suppose 4*t + 7 = 2*m + r, -m - 3*t = -2. What are the prime factors of m?
2
Suppose 3*c = -2*h + 6, -5*h - 6*c + 4 = -4*c. Suppose h = -v - 4*t + 15, 3*v - 37 = -4*t - 0*t. Let k = v - 3. List the prime factors of k.
2
Let w = 12 + -6. Suppose 3*m - 130 = -y, y + 200 = 5*m + w*y. List the prime factors of m.
3, 5
Suppose 3*t + 3*x + 53 = -13, -2*t - 56 = -x. Let m be t/(-8) - 4/16. Suppose 0 = -0*w + w - m. What are the prime factors of w?
3
Suppose -5*d + 27 = -8. What are the prime factors of (-14)/(-1) + (d - 8)?
13
Let d(j) = j - 1. Let c(s) = -5*s + 6. Let b(a) = -c(a) - 4*d(a). Let t be b(5). Suppose 0 = -t*r + 14 - 2. List the prime factors of r.
2
Let d = 91 - 48. List the prime factors of d.
43
List the prime factors of (-7 + 1115/20)/((-2)/(-8)).
3, 5, 13
Suppose 13 = h + 3*m, -3*m + 2 = -h + 39. Let z = 69 - h. List the prime factors of z.
2, 11
Suppose 0*t = -4*t + i + 151, 5*t - 197 = 4*i. List the prime factors of t.
37
Let n = 51 - 23. What are the prime factors of n?
2, 7
Suppose 15 = -3*c + 4*c - 5*d, 0 = -2*c - 5*d. Suppose -c*l + 5 = 2*a, -2*l - 4*a - 18 + 4 = 0. What are the prime factors of l?
3
Let g(j) be the second derivative of 0 + 1/12*j**4 + 2*j**2 - 1/2*j**3 + 2*j. List the prime factors of g(4).
2
Let d = -5 - -8. What are the prime factors of 6*(d/9 + 0)?
2
Let g(s) = s + 13. What are the prime factors of g(-6)?
7
Let h = -20 - -14. Let i = 25 + h. List the prime factors of i.
19
Suppose 0 = -3*f - 2 - 7, 4*c - 219 = -3*f. List the prime factors of c.
3, 19
Suppose -3*a + 27 = 2*w, 53 = 3*w + 3*a + 20. List the prime factors of 13*(w/(-2) - -4).
13
Suppose 3*t - 90 = -0*t. Suppose a = -5*w + 19 + 13, 5*a - 76 = -4*w. Let y = t - a. List the prime factors of y.
2, 3
Let u(f) = f**3 - 3*f**2 - 3*f + 6. Let i(o) = -2*o - 4. Let c be (-6)/(-9) + (-14)/3. Let x be i(c). List the prime factors of u(x).
2, 5
Suppose q - 14 = -5*n, -4*q - 3*n = -3*q - 6. What are the prime factors of 248/24 + (-4)/q?
11
Suppose -5*u = -4*k - 0*u + 496, 4*u - 103 = -k. What are the prime factors of k?
7, 17
Suppose 0 = l - 3*l + 76. What are the prime factors of l?
2, 19
Suppose 0 = -6*i + 1435 + 611. What are the prime factors of i?
11, 31
Let w(h) = h**2 + 2*h + 2. Suppose 2*t + 1 = -3. Let m be w(t). What are the prime factors of 34/4 - m/4?
2
Suppose 2*w + 3*b + 28 + 8 = 0, 3*b = -6. Let x be 5/(w/6) + 16. Suppose 4*p - 33 = -8*r + 3*r, -2*r - 2*p = -x. List the prime factors of r.
5
Let t = 22 - -4. Suppose t = 4*o - 26. What are the prime factors of o?
13
Let x(f) be the first derivative of -f**4/4 + f**3/3 + 14*f - 1. List the prime factors of x(0).
2, 7
Let n(o) = -o**3 - 8*o**2 + 8*o + 11. Let l = 17 - 26. Let k be n(l). Suppose 4*j + 4*y = k, -j - 5*y + 1 = -2*j. List the prime factors of j.
2
Let s(n) = -9*n - 15. List the prime factors of s(-7).
2, 3
Let 